igit of 1081793128?
0
What is the thousands digit of 130531953?
1
What is the tens digit of 1320909010?
1
What is the thousands digit of 34425418?
5
What is the thousands digit of 187909743?
9
What is the hundred millions digit of 161947629?
1
What is the tens digit of 1204183797?
9
What is the ten thousands digit of 78769433?
6
What is the tens digit of 129682593?
9
What is the ten millions digit of 915446566?
1
What is the millions digit of 3858573720?
8
What is the tens digit of 66351411?
1
What is the millions digit of 40996873?
0
What is the hundreds digit of 828362479?
4
What is the hundreds digit of 1623343202?
2
What is the tens digit of 19256558?
5
What is the hundred thousands digit of 42204932?
2
What is the units digit of 46688442?
2
What is the millions digit of 1082675226?
2
What is the hundred thousands digit of 2062057887?
0
What is the millions digit of 2134293545?
4
What is the ten millions digit of 130434861?
3
What is the hundred millions digit of 191539743?
1
What is the hundred millions digit of 1530952283?
5
What is the billions digit of 4023110219?
4
What is the hundred millions digit of 151669260?
1
What is the hundreds digit of 1378410242?
2
What is the millions digit of 8647923045?
7
What is the ten millions digit of 613330339?
1
What is the ten thousands digit of 436630372?
3
What is the ten thousands digit of 162317090?
1
What is the hundreds digit of 1965139451?
4
What is the hundred thousands digit of 237346049?
3
What is the hundreds digit of 505569200?
2
What is the thousands digit of 45532661?
2
What is the tens digit of 966903378?
7
What is the thousands digit of 8473758?
3
What is the tens digit of 83129583?
8
What is the billions digit of 2489232259?
2
What is the millions digit of 19744230?
9
What is the hundred millions digit of 899849362?
8
What is the hundreds digit of 178776230?
2
What is the hundreds digit of 5366293?
2
What is the tens digit of 30119785?
8
What is the ten thousands digit of 54344068?
4
What is the tens digit of 1075480490?
9
What is the hundreds digit of 42575036?
0
What is the ten millions digit of 192482091?
9
What is the tens digit of 835227178?
7
What is the tens digit of 251405363?
6
What is the units digit of 17441088?
8
What is the tens digit of 84687360?
6
What is the tens digit of 1375153262?
6
What is the thousands digit of 357542413?
2
What is the ten thousands digit of 2147419?
4
What is the ten thousands digit of 10381977?
8
What is the hundred millions digit of 4267520021?
2
What is the hundreds digit of 77630100?
1
What is the units digit of 1643157?
7
What is the tens digit of 291027254?
5
What is the thousands digit of 95168569?
8
What is the units digit of 1953781821?
1
What is the units digit of 4160548235?
5
What is the ten millions digit of 40867129?
4
What is the hundred thousands digit of 42483309?
4
What is the tens digit of 271820811?
1
What is the millions digit of 44259255?
4
What is the thousands digit of 298780468?
0
What is the hundred thousands digit of 1212466081?
4
What is the millions digit of 20657011?
0
What is the tens digit of 29345043?
4
What is the hundreds digit of 182973210?
2
What is the ten millions digit of 257804619?
5
What is the hundreds digit of 52185166?
1
What is the tens digit of 10305555?
5
What is the millions digit of 28734757?
8
What is the thousands digit of 1347591971?
1
What is the ten millions digit of 735096162?
3
What is the thousands digit of 274326004?
6
What is the tens digit of 650978?
7
What is the units digit of 265000364?
4
What is the hundreds digit of 3490150069?
0
What is the tens digit of 3690357719?
1
What is the thousands digit of 9127091?
7
What is the thousands digit of 21490978?
0
What is the units digit of 164429027?
7
What is the millions digit of 2973254147?
3
What is the millions digit of 31328290?
1
What is the units digit of 194404687?
7
What is the ten thousands digit of 126399434?
9
What is the ten millions digit of 345701327?
4
What is the millions digit of 287329064?
7
What is the millions digit of 105356057?
5
What is the millions digit of 29289227?
9
What is the units digit of 215607388?
8
What is the thousands digit of 78150527?
0
What is the hundred millions digit of 7517154830?
5
What is the units digit of 3894653908?
8
What is the ten millions digit of 33300408?
3
What is the ten thousands digit of 1178699458?
9
What is the units digit of 797910063?
3
What is the tens digit of 20754150?
5
What is the tens digit of 6461490?
9
What is the hundred thousands digit of 706254636?
2
What is the hundreds digit of 114538861?
8
What is the ten millions digit of 298263716?
9
What is the ten millions digit of 210977919?
1
What is the millions digit of 60488513?
0
What is the ten millions digit of 179224496?
7
What is the hundreds digit of 249821287?
2
What is the hundred thousands digit of 19011190?
0
What is the millions digit of 38351194?
8
What is the thousands digit of 27233872?
3
What is the hundreds digit of 2511610127?
1
What is the millions digit of 602997715?
2
What is the tens digit of 815447452?
5
What is the units digit of 83680568?
8
What is the ten thousands digit of 205013092?
1
What is the millions digit of 7764963?
7
What is the hundred thousands digit of 2259843?
2
What is the hundred thousands digit of 839213922?
2
What is the thousands digit of 3260022125?
2
What is the billions digit of 1585982001?
1
What is the tens digit of 2192222307?
0
What is the thousands digit of 14722915?
2
What is the ten millions digit of 55761493?
5
What is the ten thousands digit of 5168971440?
7
What is the millions digit of 58880214?
8
What is the tens digit of 34060430?
3
What is the hundred millions digit of 2117829721?
1
What is the millions digit of 81209650?
1
What is the hundred thousands digit of 942595931?
5
What is the ten thousands digit of 529473688?
7
What is the hundred millions digit of 769667925?
7
What is the ten thousands digit of 50383540?
8
What is the thousands digit of 1884489675?
9
What is the ten millions digit of 6649321287?
4
What is the hundred millions digit of 2683469247?
6
What is the hundred millions digit of 102999776?
1
What is the hundred thousands digit of 73072623?
0
What is the ten millions digit of 1256514471?
5
What is the units digit of 10896358?
8
What is the thousands digit of 25511836?
1
What is the millions digit of 2920670591?
0
What is the tens digit of 671850602?
0
What is the millions digit of 1650650557?
0
What is the ten thousands digit of 5511909363?
0
What is the tens digit of 136345377?
7
What is the hundred thousands digit of 35500601?
5
What is the hundred thousands digit of 201071572?
0
What is the hundred millions digit of 234252606?
2
What is the ten millions digit of 24661169?
2
What is the hundred millions digit of 278585688?
2
What is the thousands digit of 62990756?
0
What is the millions digit of 833649766?
3
What is the hundred millions digit of 116258451?
1
What is the ten thousands digit of 210414446?
1
What is the tens digit of 3172146258?
5
What is the hundred thousands digit of 22462130?
4
What is the thousands digit of 38122769?
2
What is the hundred thousands digit of 330666407?
6
What is the ten thousands digit of 132164356?
6
What is the tens digit of 75384590?
9
What is the millions digit of 20644010?
0
What is the hundred thousands digit of 129916521?
9
What is the units digit of 356294649?
9
What is the millions digit of 1322858454?
2
What is the ten millions digit of 37817977?
3
What is the thousands digit of 125586635?
6
What is the tens digit of 6424517937?
3
What is the tens digit of 316051802?
0
What is the tens digit of 22934986?
8
What is the hundred thousands digit of 31735492?
7
What is the thousands digit of 4616614738?
4
What is the hundred millions digit of 1273977346?
2
What is the tens digit of 1768348921?
2
What is the ten thousands digit of 144589210?
8
What is the millions digit of 471753523?
1
What is the units digit of 87053469?
9
What is the ten millions digit of 146836593?
4
What is the millions digit of 8126712?
8
What is the hundred millions digit of 143054917?
1
What is the units digit of 91896188?
8
What is the ten thousands digit of 2485214097?
1
What is the ten millions digit of 1444052885?
4
What